ber?
True
Is 3727837 a composite number?
False
Is 253849529 a composite number?
False
Is 25026847 a composite number?
False
Is 3313643 a composite number?
True
Is 10070405 prime?
False
Is 113662574 composite?
True
Is 305621 a prime number?
True
Is 489029 prime?
False
Is 161749257 a prime number?
False
Is 17564047 prime?
True
Is 1053661 a prime number?
False
Is 1871911 a prime number?
False
Is 16771241 composite?
False
Is 137451247 composite?
True
Is 41113543 composite?
False
Is 548471761 a composite number?
True
Is 3432893 a prime number?
False
Is 3979763 composite?
True
Is 106284301 a prime number?
False
Is 8066027 composite?
False
Is 19568269 a composite number?
True
Is 1567741 composite?
True
Is 117005311 a prime number?
True
Is 2473469 composite?
True
Is 62463689 a composite number?
False
Is 91480749 composite?
True
Is 13450427 prime?
True
Is 19602859 a prime number?
False
Is 46544287 a composite number?
False
Is 40188041 prime?
False
Is 4171199 a prime number?
False
Is 5602099 a prime number?
True
Is 3642407 a prime number?
False
Is 44577817 a prime number?
False
Is 41748551 prime?
False
Is 4049483 composite?
False
Is 848339 composite?
True
Is 111029 prime?
True
Is 1677107 a composite number?
True
Is 1778801 composite?
False
Is 8574701 a prime number?
False
Is 12734191 prime?
False
Is 2557069 a prime number?
False
Is 148806409 a composite number?
False
Is 51924709 a composite number?
False
Is 1620691 prime?
False
Is 6536429 prime?
False
Is 848641 composite?
True
Is 1114987 composite?
False
Is 10808755 composite?
True
Is 176503309 a prime number?
False
Is 33190589 prime?
True
Is 639253 prime?
True
Is 217999 prime?
False
Is 161963 a composite number?
True
Is 20994667 composite?
True
Is 90350531 prime?
False
Is 2798807 a composite number?
True
Is 45401023 prime?
False
Is 157007 a prime number?
True
Is 2998619 a composite number?
True
Is 111184163 composite?
True
Is 11646823 prime?
False
Is 3223267 prime?
False
Is 179178269 a composite number?
True
Is 1209853 a composite number?
False
Is 2197003 composite?
True
Is 32275409 a prime number?
False
Is 10856969 prime?
False
Is 4302013 prime?
True
Is 3839911 a prime number?
True
Is 4580893 a prime number?
True
Is 78457283 a prime number?
True
Is 19435799 prime?
True
Is 25972103 prime?
True
Is 34272533 a prime number?
False
Is 4878187 a composite number?
False
Is 142089859 prime?
False
Is 4402043 prime?
True
Is 1236419 a composite number?
False
Is 1361766859 composite?
False
Is 55458329 prime?
True
Is 2746147 composite?
False
Is 290125217 composite?
True
Is 8397383 composite?
True
Is 1046183789 a prime number?
False
Is 13167274 prime?
False
Is 28934231 a composite number?
False
Is 566911 prime?
True
Is 11967037 a composite number?
False
Is 616431 prime?
False
Is 873685 a composite number?
True
Is 200699327 a prime number?
True
Is 3076967 prime?
False
Is 298138 composite?
True
Is 369390127 a composite number?
True
Is 2017993 composite?
True
Is 10728815 a composite number?
True
Is 1159309061 a composite number?
False
Is 1732961 a composite number?
False
Is 93129083 a composite number?
False
Is 81852079 a prime number?
False
Is 39237634 a prime number?
False
Is 5934697 a composite number?
False
Is 2188831 a prime number?
True
Is 831293 composite?
True
Is 83150399 composite?
False
Is 362437 composite?
True
Is 14614937 a composite number?
False
Is 232906991 composite?
True
Is 23956717 a prime number?
True
Is 14596753 a composite number?
True
Is 4480607 composite?
True
Is 81587743 a prime number?
False
Is 61155221 a prime number?
True
Is 14999035 prime?
False
Is 398135767 prime?
False
Is 859069 prime?
False
Is 1206348134 a composite number?
True
Is 498301 prime?
True
Is 1243139 composite?
True
Is 16023841 composite?
False
Is 9541801 prime?
True
Is 20947327 a composite number?
False
Is 402619841 composite?
True
Is 20291521 composite?
True
Is 28699163 a prime number?
True
Is 507520151 a composite number?
False
Is 10173431 prime?
False
Is 59696099 a composite number?
True
Is 29667139 a composite number?
False
Is 8418649 composite?
True
Is 14193701 a prime number?
True
Is 50002823 prime?
False
Is 1107863 composite?
True
Is 8237213 prime?
True
Is 3278497 a composite number?
True
Is 11982163 a prime number?
True
Is 72004991 a composite number?
True
Is 236867 a prime number?
True
Is 16729561 a composite number?
False
Is 31673293 a composite number?
False
Is 11522447 prime?
False
Is 3292673 a composite number?
False
Is 26658755 a composite number?
True
Is 13137823 composite?
False
Is 5152783 a composite number?
False
Is 51586078 a composite number?
True
Is 24516694 a composite number?
True
Is 26533853 composite?
False
Is 105007489 a composite number?
True
Is 201006823 composite?
False
Is 3644357 prime?
True
Is 28386821 composite?
True
Is 63820343 prime?
False
Is 6037027 prime?
False
Is 844058 a composite number?
True
Is 54639271 prime?
False
Is 2556853 a composite number?
True
Is 18220213 composite?
True
Is 24605431 a composite number?
False
Is 62655101 composite?
True
Is 309877 composite?
False
Is 1366627 a composite number?
False
Is 475001179 a prime number?
False
Is 20636377 a composite number?
False
Is 199735663 a prime number?
True
Is 47206657 a prime number?
True
Is 236617 a prime number?
False
Is 16360739 composite?
True
Is 2928691 a composite number?
False
Is 6343306 a prime number?
False
Is 2157833 composite?
False
Is 2712767 prime?
True
Is 82894757 composite?
True
Is 71852467 a composite number?
True
Is 365292467 composite?
False
Is 181962019 a composite number?
False
Is 403609 prime?
False
Is 184724027 a prime number?
False
Is 41040947 a prime number?
False
Is 6043511 composite?
True
Is 21504781 prime?
True
Is 5166311 a composite number?
False
Is 2605543 a prime number?
True
Is 218053531 a prime number?
True
Is 903751 a composite number?
False
Is 2218277 a prime number?
True
Is 5253473 a prime number?
False
Is 157688639 composite?
True
Is 42498329 prime?
True
Is 69712753 prime?
False
Is 11831483 composite?
False
Is 676347137 a prime number?
False
Is 123557065 prime?
False
Is 5455309 composite?
False
Is 37573637 a composite number?
False
Is 8906137 composite?
False
Is 30768787 composite?
True
Is 27398489 composite?
False
Is 4764311 composite?
False
Is 152762507 composite?
True
Is 37263755 a composite number?
True
Is 153689 a composite number?
False
Is 8212511 a prime number?
True
Is 550080877 prime?
False
Is 628580093 a prime number?
True
Is 138087221 a prime number?
False
Is 4089763 a prime number?
True
Is 4095881 a composite number?
False
Is 4517419 a composite number?
False
Is 179842447 a prime number?
True
Is 4124423 prime?
False
Is 37244003 composite?
True
Is 92071621 prime?
True
Is 2796601 prime?
False
Is 3520969 prime?
False
Is 22418273 prime?
True
Is 496152347 a prime number?
True
Is 144076993 a composite number?
True
Is 380909 composite?
False
Is 45379687 a composite number?
False
Is 47720657 a composite number?
False
Is 27629313 a prime number?
False
Is 9737467 prime?
True
Is 19082467 a prime number?
False
Is 123581 a prime number?
True
Is 21201671 a prime number?
False
Is 11377101 prime?
False
Is 124870883 a prime number?
False
Is 18645889 a prime number?
False
Is 585541 a composite number?
True
Is 260399 a composite number?
False
Is 169312699 a composite number?
True
Is 30372607 a composite number?
True
Is 66379531 prime?
True
Is 630874 a composite number?
True
Is 44406643 a prime number?
True
Is 66568537 a prime number?
False
Is 3205465 prime?
False
Is 8705657 a composite number?
False
Is 1190429 composite?
False
Is 3467689 prime?
True
Is 12760763 a prime number?
True
Is 6586729 prime?
False
Is 26397737 a prime number?
True
Is 11277103 a prime number?
False
Is 117617 a prime number?
True
Is 10149341 a prime number?
False
Is 3062819 a prime number?
False
Is 1900243 composite?
True
Is 1430089 prime?
True
Is 3741017 a prime number?
False
Is 28350187 a prime number?
True
Is 23580169 composite?
False
Is 1224348247 a composite number?
False
Is 31357037 a composite number?
True
Is 115953841 a composite number?
True
Is 8289158 a prime number?
False
Is 67251869 a prime number?
False
Is 833233 prime?
False
Is 4392727 a prime number?
False
Is 2150777 prime?
True
Is 11269651 composite?
False
Is 46